{"id":158,"date":"2026-02-16T21:49:55","date_gmt":"2026-02-16T20:49:55","guid":{"rendered":"https:\/\/anygamle.ramako.dk\/index.php\/forside\/"},"modified":"2026-02-16T21:49:57","modified_gmt":"2026-02-16T20:49:57","slug":"forside","status":"publish","type":"page","link":"https:\/\/anygamle.ramako.dk\/","title":{"rendered":"Forside"},"content":{"rendered":"\t\t<div data-elementor-type=\"wp-page\" data-elementor-id=\"158\" class=\"elementor elementor-158\" data-elementor-post-type=\"page\">\n\t\t\t\t\t\t<section class=\"elementor-section elementor-top-section elementor-element elementor-element-45eb904a elementor-section-height-min-height elementor-section-boxed elementor-section-height-default elementor-section-items-middle\" data-id=\"45eb904a\" data-element_type=\"section\" data-e-type=\"section\" data-settings=\"{&quot;background_background&quot;:&quot;classic&quot;}\">\n\t\t\t\t\t\t\t<div class=\"elementor-background-overlay\"><\/div>\n\t\t\t\t\t\t\t<div class=\"elementor-container elementor-column-gap-default\">\n\t\t\t\t\t<div class=\"elementor-column elementor-col-100 elementor-top-column elementor-element elementor-element-70827bfd\" data-id=\"70827bfd\" data-element_type=\"column\" data-e-type=\"column\">\n\t\t\t<div class=\"elementor-widget-wrap elementor-element-populated\">\n\t\t\t\t\t\t<div class=\"elementor-element elementor-element-4ef651be elementor-widget elementor-widget-heading\" data-id=\"4ef651be\" data-element_type=\"widget\" data-e-type=\"widget\" data-widget_type=\"heading.default\">\n\t\t\t\t\t<h1 class=\"elementor-heading-title elementor-size-default\">ANYKLUBBEN<br>\n- stedet for de unge \u00e6ldre!<\/h1>\t\t\t\t<\/div>\n\t\t\t\t<div class=\"elementor-element elementor-element-6c4b4c7 elementor-align-center elementor-widget elementor-widget-button\" data-id=\"6c4b4c7\" data-element_type=\"widget\" data-e-type=\"widget\" data-widget_type=\"button.default\">\n\t\t\t\t\t\t\t\t\t\t<a class=\"elementor-button elementor-button-link elementor-size-sm\" href=\"https:\/\/anyklubben.dk\/bliv-medlem\/\">\n\t\t\t\t\t\t<span class=\"elementor-button-content-wrapper\">\n\t\t\t\t\t\t\t\t\t<span class=\"elementor-button-text\">Bliv en del af f\u00e6llesskabet<\/span>\n\t\t\t\t\t<\/span>\n\t\t\t\t\t<\/a>\n\t\t\t\t\t\t\t\t<\/div>\n\t\t\t\t\t<\/div>\n\t\t<\/div>\n\t\t\t\t\t<\/div>\n\t\t<\/section>\n\t\t\t\t<section class=\"elementor-section elementor-top-section elementor-element elementor-element-795d8cea elementor-section-content-middle elementor-section-boxed elementor-section-height-default elementor-section-height-default\" data-id=\"795d8cea\" data-element_type=\"section\" data-e-type=\"section\" data-settings=\"{&quot;background_background&quot;:&quot;classic&quot;}\">\n\t\t\t\t\t\t<div class=\"elementor-container elementor-column-gap-no\">\n\t\t\t\t\t<div class=\"elementor-column elementor-col-100 elementor-top-column elementor-element elementor-element-7adf0f0d\" data-id=\"7adf0f0d\" data-element_type=\"column\" data-e-type=\"column\">\n\t\t\t<div class=\"elementor-widget-wrap elementor-element-populated\">\n\t\t\t\t\t\t<div class=\"elementor-element elementor-element-d5a7731 elementor-widget elementor-widget-heading\" data-id=\"d5a7731\" data-element_type=\"widget\" data-e-type=\"widget\" data-widget_type=\"heading.default\">\n\t\t\t\t\t<h2 class=\"elementor-heading-title elementor-size-default\">Vi tilbyder<\/h2>\t\t\t\t<\/div>\n\t\t\t\t<section class=\"elementor-section elementor-inner-section elementor-element elementor-element-ca30653 elementor-section-boxed elementor-section-height-default elementor-section-height-default\" data-id=\"ca30653\" data-element_type=\"section\" data-e-type=\"section\">\n\t\t\t\t\t\t<div class=\"elementor-container elementor-column-gap-default\">\n\t\t\t\t\t<div class=\"elementor-column elementor-col-33 elementor-inner-column elementor-element elementor-element-391b055e\" data-id=\"391b055e\" data-element_type=\"column\" data-e-type=\"column\">\n\t\t\t<div class=\"elementor-widget-wrap elementor-element-populated\">\n\t\t\t\t\t\t<div class=\"elementor-element elementor-element-58c062c5 elementor-position-top elementor-widget elementor-widget-image-box\" data-id=\"58c062c5\" data-element_type=\"widget\" data-e-type=\"widget\" data-widget_type=\"image-box.default\">\n\t\t\t\t\t<div class=\"elementor-image-box-wrapper\"><figure class=\"elementor-image-box-img\"><img fetchpriority=\"high\" decoding=\"async\" width=\"347\" height=\"480\" src=\"https:\/\/anygamle.ramako.dk\/wp-content\/uploads\/2026\/02\/loeg.jpeg\" class=\"attachment-full size-full wp-image-35\" alt=\"\" srcset=\"https:\/\/anygamle.ramako.dk\/wp-content\/uploads\/2026\/02\/loeg.jpeg 347w, https:\/\/anygamle.ramako.dk\/wp-content\/uploads\/2026\/02\/loeg-217x300.jpeg 217w\" sizes=\"(max-width: 347px) 100vw, 347px\" \/><\/figure><div class=\"elementor-image-box-content\"><h3 class=\"elementor-image-box-title\">Aktiviteter<\/h3><p class=\"elementor-image-box-description\">Klubben ledes af en bestyrelse, valgt blandt\n\nmedlemmerne, der alle er frivillige.<\/p><\/div><\/div>\t\t\t\t<\/div>\n\t\t\t\t\t<\/div>\n\t\t<\/div>\n\t\t\t\t<div class=\"elementor-column elementor-col-33 elementor-inner-column elementor-element elementor-element-7cbc542f\" data-id=\"7cbc542f\" data-element_type=\"column\" data-e-type=\"column\">\n\t\t\t<div class=\"elementor-widget-wrap elementor-element-populated\">\n\t\t\t\t\t\t<div class=\"elementor-element elementor-element-21cdc23 elementor-position-top elementor-widget elementor-widget-image-box\" data-id=\"21cdc23\" data-element_type=\"widget\" data-e-type=\"widget\" data-widget_type=\"image-box.default\">\n\t\t\t\t\t<div class=\"elementor-image-box-wrapper\"><figure class=\"elementor-image-box-img\"><img fetchpriority=\"high\" decoding=\"async\" width=\"347\" height=\"480\" src=\"https:\/\/anygamle.ramako.dk\/wp-content\/uploads\/2026\/02\/loeg.jpeg\" class=\"attachment-full size-full wp-image-35\" alt=\"\" srcset=\"https:\/\/anygamle.ramako.dk\/wp-content\/uploads\/2026\/02\/loeg.jpeg 347w, https:\/\/anygamle.ramako.dk\/wp-content\/uploads\/2026\/02\/loeg-217x300.jpeg 217w\" sizes=\"(max-width: 347px) 100vw, 347px\" \/><\/figure><div class=\"elementor-image-box-content\"><h3 class=\"elementor-image-box-title\">F\u00e5 en bedre livskvalitet<\/h3><p class=\"elementor-image-box-description\">Med godt hum\u00f8r og nye bekendtskaber er\n\nAny-Klubben med til at \u00f8ge din livskvalitet.<\/p><\/div><\/div>\t\t\t\t<\/div>\n\t\t\t\t\t<\/div>\n\t\t<\/div>\n\t\t\t\t<div class=\"elementor-column elementor-col-33 elementor-inner-column elementor-element elementor-element-dcf1cbb\" data-id=\"dcf1cbb\" data-element_type=\"column\" data-e-type=\"column\">\n\t\t\t<div class=\"elementor-widget-wrap elementor-element-populated\">\n\t\t\t\t\t\t<div class=\"elementor-element elementor-element-489ad0da elementor-position-top elementor-widget elementor-widget-image-box\" data-id=\"489ad0da\" data-element_type=\"widget\" data-e-type=\"widget\" data-widget_type=\"image-box.default\">\n\t\t\t\t\t<div class=\"elementor-image-box-wrapper\"><figure class=\"elementor-image-box-img\"><img fetchpriority=\"high\" decoding=\"async\" width=\"347\" height=\"480\" src=\"https:\/\/anygamle.ramako.dk\/wp-content\/uploads\/2026\/02\/loeg.jpeg\" class=\"attachment-full size-full wp-image-35\" alt=\"\" srcset=\"https:\/\/anygamle.ramako.dk\/wp-content\/uploads\/2026\/02\/loeg.jpeg 347w, https:\/\/anygamle.ramako.dk\/wp-content\/uploads\/2026\/02\/loeg-217x300.jpeg 217w\" sizes=\"(max-width: 347px) 100vw, 347px\" \/><\/figure><div class=\"elementor-image-box-content\"><h3 class=\"elementor-image-box-title\">Den trejde alder<\/h3><p class=\"elementor-image-box-description\">I Any-klubben f\u00e5r du en rigtig god mulighed\n\nfor en bedre og aktiv trejde alder.<\/p><\/div><\/div>\t\t\t\t<\/div>\n\t\t\t\t\t<\/div>\n\t\t<\/div>\n\t\t\t\t\t<\/div>\n\t\t<\/section>\n\t\t\t\t\t<\/div>\n\t\t<\/div>\n\t\t\t\t\t<\/div>\n\t\t<\/section>\n\t\t\t\t<section class=\"elementor-section elementor-top-section elementor-element elementor-element-f7225c5 elementor-section-content-middle elementor-reverse-mobile elementor-section-boxed elementor-section-height-default elementor-section-height-default\" data-id=\"f7225c5\" data-element_type=\"section\" data-e-type=\"section\" data-settings=\"{&quot;background_background&quot;:&quot;classic&quot;}\">\n\t\t\t\t\t\t<div class=\"elementor-container elementor-column-gap-no\">\n\t\t\t\t\t<div class=\"elementor-column elementor-col-50 elementor-top-column elementor-element elementor-element-376cc5e5\" data-id=\"376cc5e5\" data-element_type=\"column\" data-e-type=\"column\">\n\t\t\t<div class=\"elementor-widget-wrap elementor-element-populated\">\n\t\t\t\t\t\t<div class=\"elementor-element elementor-element-42feb002 elementor-widget elementor-widget-heading\" data-id=\"42feb002\" data-element_type=\"widget\" data-e-type=\"widget\" data-widget_type=\"heading.default\">\n\t\t\t\t\t<h2 class=\"elementor-heading-title elementor-size-default\">Any-Klubben<br>\n- stedet for de unge \u00e6ldre!<\/h2>\t\t\t\t<\/div>\n\t\t\t\t<div class=\"elementor-element elementor-element-e5bbbda elementor-widget elementor-widget-text-editor\" data-id=\"e5bbbda\" data-element_type=\"widget\" data-e-type=\"widget\" data-widget_type=\"text-editor.default\">\n\t\t\t\t\t\t\t\t\t<p>Any-klubben er et rigtig godt sted for de som ikke l\u00e6ngere er p\u00e5 arbejdsmarkedet, men som stadig gerne vil bruge deres kreative evner.<\/p><p>Har man den opfattelse, at Any-klubben kun er for \u201cgamle\u201d, tager man ganske fejl. S\u00e5 godt som alle \u00e6ldre, er blevet meget yngre, s\u00e5vel i livsstil, som i aktive fritidsinteresser og ikke mindst i brug af den digitale verden \u2013 hvordan opfatter du dig selv??<\/p><p>Der kan n\u00e6vnes mange gode grunde og argumenter for et medlemskab i Any-klubben, f.eks. f\u00e5r man uvilk\u00e5rlig en st\u00f8rre ven- og bekendtskabskreds, som r\u00e6kker ud over sammenv\u00e6ret i klubben, og derved giver is\u00e6r de der lever alene, en mulighed for en snak om de ting der evt. kan \u201ctynge\u201d lidt i hverdagen. Ting som man ellers er slem til at \u201cputte om i rygs\u00e6kken\u201d, s\u00e5 de en dag m\u00e5ske bliver s\u00e5 tunge, man ikke l\u00e6ngere kan b\u00e6re dem!<\/p><p>Med andre ord, er en bedre livskvalitet, en st\u00f8rre livsgl\u00e6de, en sikker gevinst ved et medlemskab i Any-klubben!<\/p><p>Kommer der nye ideer fra medlemmer, er der ikke langt fra \u00f8nske til handling, f\u00f8r en ny aktivitet kan v\u00e6re en realitet!<br \/>\u00a0<br \/>Med Venlig Hilsen<br \/>Poul Rasmussen<\/p>\t\t\t\t\t\t\t\t<\/div>\n\t\t\t\t\t<\/div>\n\t\t<\/div>\n\t\t\t\t<div class=\"elementor-column elementor-col-50 elementor-top-column elementor-element elementor-element-74c72811\" data-id=\"74c72811\" data-element_type=\"column\" data-e-type=\"column\">\n\t\t\t<div class=\"elementor-widget-wrap elementor-element-populated\">\n\t\t\t\t\t\t<div class=\"elementor-element elementor-element-41fb2ea9 elementor-widget elementor-widget-image\" data-id=\"41fb2ea9\" data-element_type=\"widget\" data-e-type=\"widget\" data-widget_type=\"image.default\">\n\t\t\t\t\t\t\t\t\t\t\t\t\t\t\t<img decoding=\"async\" width=\"600\" height=\"400\" src=\"https:\/\/anygamle.ramako.dk\/wp-content\/uploads\/2026\/02\/par-paa-stranden.jpeg\" class=\"attachment-full size-full wp-image-36\" alt=\"\" srcset=\"https:\/\/anygamle.ramako.dk\/wp-content\/uploads\/2026\/02\/par-paa-stranden.jpeg 600w, https:\/\/anygamle.ramako.dk\/wp-content\/uploads\/2026\/02\/par-paa-stranden-300x200.jpeg 300w\" sizes=\"(max-width: 600px) 100vw, 600px\" \/>\t\t\t\t\t\t\t\t\t\t\t\t\t\t\t<\/div>\n\t\t\t\t\t<\/div>\n\t\t<\/div>\n\t\t\t\t\t<\/div>\n\t\t<\/section>\n\t\t\t\t<section class=\"elementor-section elementor-top-section elementor-element elementor-element-11c73747 elementor-section-content-middle elementor-reverse-tablet elementor-reverse-mobile elementor-section-boxed elementor-section-height-default elementor-section-height-default\" data-id=\"11c73747\" data-element_type=\"section\" data-e-type=\"section\">\n\t\t\t\t\t\t<div class=\"elementor-container elementor-column-gap-no\">\n\t\t\t\t\t<div class=\"elementor-column elementor-col-50 elementor-top-column elementor-element elementor-element-34001691\" data-id=\"34001691\" data-element_type=\"column\" data-e-type=\"column\">\n\t\t\t<div class=\"elementor-widget-wrap elementor-element-populated\">\n\t\t\t\t\t\t<div class=\"elementor-element elementor-element-74f55fab elementor-widget elementor-widget-image\" data-id=\"74f55fab\" data-element_type=\"widget\" data-e-type=\"widget\" data-widget_type=\"image.default\">\n\t\t\t\t\t\t\t\t\t\t\t\t\t\t\t<img decoding=\"async\" width=\"1000\" height=\"667\" src=\"https:\/\/anygamle.ramako.dk\/wp-content\/uploads\/2026\/02\/aeldre-der-hygger-sig.jpg\" class=\"attachment-full size-full wp-image-159\" alt=\"\" srcset=\"https:\/\/anygamle.ramako.dk\/wp-content\/uploads\/2026\/02\/aeldre-der-hygger-sig.jpg 1000w, https:\/\/anygamle.ramako.dk\/wp-content\/uploads\/2026\/02\/aeldre-der-hygger-sig-300x200.jpg 300w, https:\/\/anygamle.ramako.dk\/wp-content\/uploads\/2026\/02\/aeldre-der-hygger-sig-768x512.jpg 768w\" sizes=\"(max-width: 1000px) 100vw, 1000px\" \/>\t\t\t\t\t\t\t\t\t\t\t\t\t\t\t<\/div>\n\t\t\t\t\t<\/div>\n\t\t<\/div>\n\t\t\t\t<div class=\"elementor-column elementor-col-50 elementor-top-column elementor-element elementor-element-7a2b1284\" data-id=\"7a2b1284\" data-element_type=\"column\" data-e-type=\"column\">\n\t\t\t<div class=\"elementor-widget-wrap elementor-element-populated\">\n\t\t\t\t\t\t<div class=\"elementor-element elementor-element-26e59273 elementor-widget elementor-widget-heading\" data-id=\"26e59273\" data-element_type=\"widget\" data-e-type=\"widget\" data-widget_type=\"heading.default\">\n\t\t\t\t\t<h4 class=\"elementor-heading-title elementor-size-default\">Meld dig ind i dag og bliv en del af f\u00e6llesskabet<\/h4>\t\t\t\t<\/div>\n\t\t\t\t<div class=\"elementor-element elementor-element-241780d0 elementor-widget elementor-widget-text-editor\" data-id=\"241780d0\" data-element_type=\"widget\" data-e-type=\"widget\" data-widget_type=\"text-editor.default\">\n\t\t\t\t\t\t\t\t\t<p>I Any-klubben f\u00e5r du en rigtig god mulighed for en bedre og aktiv trejde alder.<strong><br \/>Med godt hum\u00f8r og nye bekendtskaber<\/strong><\/p><ul><li>Klubben ledes af en bestyrelse, valgt blandt medlemmerne, der alle er frivillige.<\/li><li>Der er elevator og k\u00f8restolsrampe.<\/li><li>Klubbens lokaler er r\u00f8gfrie.<\/li><li>Vi har kantine, hvor der kan k\u00f8bes kaffe.<\/li><li>Kontingent er kr. 250,- \u00a0halv-\u00e5rligt.<\/li><li>Perioderne er fra nyt\u00e5r til sommerferie og fra sommerferie til jul.<\/li><li>Der er sommerlukket i samme tidsrum som skoleferierne.<\/li><li>Der udstedes s\u00e6rskilt klubkort til bankospil.<\/li><\/ul>\t\t\t\t\t\t\t\t<\/div>\n\t\t\t\t<div class=\"elementor-element elementor-element-4d2cc911 elementor-align-left elementor-widget elementor-widget-button\" data-id=\"4d2cc911\" data-element_type=\"widget\" data-e-type=\"widget\" data-widget_type=\"button.default\">\n\t\t\t\t\t\t\t\t\t\t<a class=\"elementor-button elementor-button-link elementor-size-sm\" href=\"https:\/\/anyklubben.dk\/bliv-medlem\/\">\n\t\t\t\t\t\t<span class=\"elementor-button-content-wrapper\">\n\t\t\t\t\t\t\t\t\t<span class=\"elementor-button-text\">Bliv en del af f\u00e6llesskabet<\/span>\n\t\t\t\t\t<\/span>\n\t\t\t\t\t<\/a>\n\t\t\t\t\t\t\t\t<\/div>\n\t\t\t\t\t<\/div>\n\t\t<\/div>\n\t\t\t\t\t<\/div>\n\t\t<\/section>\n\t\t\t\t<\/div>\n\t\t","protected":false},"excerpt":{"rendered":"<p>ANYKLUBBEN &#8211; stedet for de unge \u00e6ldre! Bliv en del af f\u00e6llesskabet Vi tilbyder Aktiviteter Klubben ledes af en bestyrelse, valgt blandt medlemmerne, der alle er frivillige. F\u00e5 en bedre livskvalitet Med godt hum\u00f8r og nye bekendtskaber er Any-Klubben med til at \u00f8ge din livskvalitet. Den trejde alder I Any-klubben f\u00e5r du en rigtig god [&hellip;]<\/p>\n","protected":false},"author":1,"featured_media":0,"parent":0,"menu_order":0,"comment_status":"closed","ping_status":"closed","template":"elementor_header_footer","meta":{"footnotes":""},"class_list":["post-158","page","type-page","status-publish","hentry"],"_links":{"self":[{"href":"https:\/\/anygamle.ramako.dk\/index.php\/wp-json\/wp\/v2\/pages\/158","targetHints":{"allow":["GET"]}}],"collection":[{"href":"https:\/\/anygamle.ramako.dk\/index.php\/wp-json\/wp\/v2\/pages"}],"about":[{"href":"https:\/\/anygamle.ramako.dk\/index.php\/wp-json\/wp\/v2\/types\/page"}],"author":[{"embeddable":true,"href":"https:\/\/anygamle.ramako.dk\/index.php\/wp-json\/wp\/v2\/users\/1"}],"replies":[{"embeddable":true,"href":"https:\/\/anygamle.ramako.dk\/index.php\/wp-json\/wp\/v2\/comments?post=158"}],"version-history":[{"count":4,"href":"https:\/\/anygamle.ramako.dk\/index.php\/wp-json\/wp\/v2\/pages\/158\/revisions"}],"predecessor-version":[{"id":224,"href":"https:\/\/anygamle.ramako.dk\/index.php\/wp-json\/wp\/v2\/pages\/158\/revisions\/224"}],"wp:attachment":[{"href":"https:\/\/anygamle.ramako.dk\/index.php\/wp-json\/wp\/v2\/media?parent=158"}],"curies":[{"name":"wp","href":"https:\/\/api.w.org\/{rel}","templated":true}]}}